{"id":722,"date":"2014-08-26T13:57:56","date_gmt":"2014-08-26T11:57:56","guid":{"rendered":"http:\/\/www.creativpress.eu\/?post_type=wpsc-product&#038;p=722"},"modified":"2018-07-19T12:03:39","modified_gmt":"2018-07-19T10:03:39","slug":"modlitebny-kalendar-hlas-mucenikov","status":"publish","type":"wpsc-product","link":"http:\/\/www.creativpress.eu\/wordpress\/?wpsc-product=modlitebny-kalendar-hlas-mucenikov","title":{"rendered":"Modlitebn\u00fd kalend\u00e1r &#8211; Hlas Mu\u010den\u00edkov"},"content":{"rendered":"<p>2014<\/p>\n<p>The Voice of the Martyrs<\/p>\n","protected":false},"featured_media":0,"parent":0,"template":"","meta":{"_wpsc_stock":"0","_wpsc_price":"0","_wpsc_special_price":"0","_wpsc_sku":""},"product_tag":[],"wpsc_product_category":[13,12,10],"wpsc-variation":[],"_links":{"self":[{"href":"http:\/\/www.creativpress.eu\/wordpress\/index.php?rest_route=\/wp\/v2\/wpsc-product\/722"}],"collection":[{"href":"http:\/\/www.creativpress.eu\/wordpress\/index.php?rest_route=\/wp\/v2\/wpsc-product"}],"about":[{"href":"http:\/\/www.creativpress.eu\/wordpress\/index.php?rest_route=\/wp\/v2\/types\/wpsc-product"}],"version-history":[{"count":1,"href":"http:\/\/www.creativpress.eu\/wordpress\/index.php?rest_route=\/wp\/v2\/wpsc-product\/722\/revisions"}],"predecessor-version":[{"id":1425,"href":"http:\/\/www.creativpress.eu\/wordpress\/index.php?rest_route=\/wp\/v2\/wpsc-product\/722\/revisions\/1425"}],"wp:attachment":[{"href":"http:\/\/www.creativpress.eu\/wordpress\/index.php?rest_route=%2Fwp%2Fv2%2Fmedia&parent=722"}],"wp:term":[{"taxonomy":"product_tag","embeddable":true,"href":"http:\/\/www.creativpress.eu\/wordpress\/index.php?rest_route=%2Fwp%2Fv2%2Fproduct_tag&post=722"},{"taxonomy":"wpsc_product_category","embeddable":true,"href":"http:\/\/www.creativpress.eu\/wordpress\/index.php?rest_route=%2Fwp%2Fv2%2Fwpsc_product_category&post=722"},{"taxonomy":"wpsc-variation","embeddable":true,"href":"http:\/\/www.creativpress.eu\/wordpress\/index.php?rest_route=%2Fwp%2Fv2%2Fwpsc-variation&post=722"}],"curies":[{"name":"wp","href":"https:\/\/api.w.org\/{rel}","templated":true}]}}

Modlitebný kalendár &#8211; Hlas Mučeníkov
