{"id":216,"date":"2014-07-11T15:57:47","date_gmt":"2014-07-11T13:57:47","guid":{"rendered":"http:\/\/www.creativpress.eu\/wordpress\/?post_type=wpsc-product&#038;p=216"},"modified":"2018-07-19T12:03:42","modified_gmt":"2018-07-19T10:03:42","slug":"pribeh-cyrila-a-metoda","status":"publish","type":"wpsc-product","link":"http:\/\/www.creativpress.eu\/wordpress\/?wpsc-product=pribeh-cyrila-a-metoda","title":{"rendered":"Pr\u00edbeh Cyrila a Metoda"},"content":{"rendered":"<p>Autori: Jerry &amp; Faith McCollough<br \/>\n<strong>PR\u00cdBEH CYRILA A METODA ktor\u00ed priniesli svetlo Slovanom<\/strong><br \/>\n<em>Pravdiv\u00fd \u017eivotn\u00fd pr\u00edbeh<\/em><\/p>\n<p>\u017divotopisn\u00fd pr\u00edbeh o Cyrilovi a Metodovi, ktor\u00fd n\u00e1zorne pribli\u017euje ich misiu detsk\u00e9mu \u010ditate\u013eovi. Komixovou formou pribli\u017euje udalosti a re\u00e1lie tej doby.<\/p>\n<div id=\"attachment_892\" style=\"width: 80px\" class=\"wp-caption alignright\"><a href=\"http:\/\/www.creativpress.eu\/?p=1127\"><img aria-describedby=\"caption-attachment-892\" loading=\"lazy\" class=\"wp-image-892\" src=\"http:\/\/www.creativpress.eu\/wordpress\/wp-content\/uploads\/2015\/11\/index.jpg\" alt=\"index\" width=\"70\" height=\"70\" \/><\/a><p id=\"caption-attachment-892\" class=\"wp-caption-text\">Uk\u00e1\u017eka knihy<\/p><\/div>\n<p>Autorsk\u00e1 dvojica z USA, man\u017eelia Jerry a Faith McCollough s\u00fastredili v\u0161etky d\u00f4le\u017eit\u00e9 historick\u00e9 fakty zo \u017eivota Cyrila a Metoda s objekt\u00edvnym nadh\u013eadom a prekvapuj\u00facou n\u00e1zornos\u0165ou ju predkladaj\u00fa \u010ditate\u013eovi. Dielom autorskej dvojice s\u00fa aj\u00a0 ilustr\u00e1cie.<\/p>\n<p><strong>Kniha m\u00e1 svoj \u0161pecifick\u00fd evanjeliza\u010dn\u00fd a aj dejepisn\u00fd rozmer. Je vhodn\u00e1 pre deti, ktor\u00e9 maj\u00fa radi zauj\u00edmav\u00e9 pr\u00edbehy a \u010d\u00edtaj\u00fa si ich samostatne alebo spolo\u010dne s rodi\u010dmi.<\/strong><\/p>\n<p>pevn\u00e1 v\u00e4zba<br \/>\npo\u010det str\u00e1n: 66,\u00a0 215 x 300 mm<\/p>\n","protected":false},"featured_media":0,"parent":0,"template":"","meta":{"_wpsc_stock":"","_wpsc_price":"5","_wpsc_special_price":"0","_wpsc_sku":""},"product_tag":[],"wpsc_product_category":[14,11],"wpsc-variation":[],"_links":{"self":[{"href":"http:\/\/www.creativpress.eu\/wordpress\/index.php?rest_route=\/wp\/v2\/wpsc-product\/216"}],"collection":[{"href":"http:\/\/www.creativpress.eu\/wordpress\/index.php?rest_route=\/wp\/v2\/wpsc-product"}],"about":[{"href":"http:\/\/www.creativpress.eu\/wordpress\/index.php?rest_route=\/wp\/v2\/types\/wpsc-product"}],"version-history":[{"count":1,"href":"http:\/\/www.creativpress.eu\/wordpress\/index.php?rest_route=\/wp\/v2\/wpsc-product\/216\/revisions"}],"predecessor-version":[{"id":1129,"href":"http:\/\/www.creativpress.eu\/wordpress\/index.php?rest_route=\/wp\/v2\/wpsc-product\/216\/revisions\/1129"}],"wp:attachment":[{"href":"http:\/\/www.creativpress.eu\/wordpress\/index.php?rest_route=%2Fwp%2Fv2%2Fmedia&parent=216"}],"wp:term":[{"taxonomy":"product_tag","embeddable":true,"href":"http:\/\/www.creativpress.eu\/wordpress\/index.php?rest_route=%2Fwp%2Fv2%2Fproduct_tag&post=216"},{"taxonomy":"wpsc_product_category","embeddable":true,"href":"http:\/\/www.creativpress.eu\/wordpress\/index.php?rest_route=%2Fwp%2Fv2%2Fwpsc_product_category&post=216"},{"taxonomy":"wpsc-variation","embeddable":true,"href":"http:\/\/www.creativpress.eu\/wordpress\/index.php?rest_route=%2Fwp%2Fv2%2Fwpsc-variation&post=216"}],"curies":[{"name":"wp","href":"https:\/\/api.w.org\/{rel}","templated":true}]}}

Príbeh Cyrila a Metoda

<p>Autori: Jerry &amp; Faith McCollough<br />
<strong>PRÍBEH CYRILA A METODA ktorí priniesli svetlo Slovanom</strong><br />
<em>Pravdivý životný príbeh</em></p>
<p>Životopisný príbeh o Cyrilovi a Metodovi, ktorý názorne približuje ich misiu detskému čitateľovi. Komixovou formou približuje udalosti a reálie tej doby.</p>
<div id="attachment_892" style="width: 80px" class="wp-caption alignright"><a href="http://www.creativpress.eu/?p=1127"><img aria-describedby="caption-attachment-892" loading="lazy" class="wp-image-892" src="http://www.creativpress.eu/wordpress/wp-content/uploads/2015/11/index.jpg" alt="index" width="70" height="70" /></a><p id="caption-attachment-892" class="wp-caption-text">Ukážka knihy</p></div>
<p>Autorská dvojica z USA, manželia Jerry a Faith McCollough sústredili všetky dôležité historické fakty zo života Cyrila a Metoda s objektívnym nadhľadom a prekvapujúcou názornosťou ju predkladajú čitateľovi. Dielom autorskej dvojice sú aj  ilustrácie.</p>
<p><strong>Kniha má svoj špecifický evanjelizačný a aj dejepisný rozmer. Je vhodná pre deti, ktoré majú radi zaujímavé príbehy a čítajú si ich samostatne alebo spoločne s rodičmi.</strong></p>
<p>pevná väzba<br />
počet strán: 66,  215 x 300 mm</p>
